{"id":183,"date":"2013-01-16T05:06:23","date_gmt":"2013-01-16T03:06:23","guid":{"rendered":"http:\/\/www.heiler-haus.de\/wordpress\/?page_id=183"},"modified":"2024-04-25T10:58:29","modified_gmt":"2024-04-25T08:58:29","slug":"autobiographie","status":"publish","type":"page","link":"https:\/\/www.heiler-haus.de\/wordpress\/autobiographie\/","title":{"rendered":"Autobiographie"},"content":{"rendered":"<p style=\"text-align: justify;\"><span style=\"text-align: justify;\"><br \/>\n<img loading=\"lazy\" decoding=\"async\" class=\"alignleft size-full wp-image-184\" style=\"border: 0px;\" title=\"AutoBio-Pic\" src=\"http:\/\/www.heiler-haus.de\/wordpress\/wp-content\/uploads\/2013\/01\/AutoBio-Pic.jpg\" alt=\"\" width=\"300\" height=\"1000\" srcset=\"https:\/\/www.heiler-haus.de\/wordpress\/wp-content\/uploads\/2013\/01\/AutoBio-Pic.jpg 300w, https:\/\/www.heiler-haus.de\/wordpress\/wp-content\/uploads\/2013\/01\/AutoBio-Pic-90x300.jpg 90w\" sizes=\"auto, (max-width: 300px) 100vw, 300px\" \/>Yogi Bodhicitta wurde im Februar 1950 im Jahr des Tigers in Nordrhein- Westfalen geboren. Eigentlich war sein Weg vorbestimmt, dies erkannte er aber erst als der spirituelle Weg bewusst begann. Bis dahin war es ein Leben wie viele andere. Lehre, Beruf, Studium und Selbstst\u00e4ndigkeit. Irgendwann in seinem Leben, in dem er alles hatte, tauchte die Frage auf die ein jeder sich irgendwann stellt. Ist das Leben, es mu\u00df etwas anderes geben. Doch er stellte sich nicht nur die Frage, sondern zweifelte dieses Leben an. Der Weg begann, \u00fcber eigene Meditation, durch einen Zen-Meister gef\u00fchrt und unterwiesen. 1992 in einer eigenen Meditation hat er die Grenzen durchbrochen. Eine Kraft wurde in ihm verankert und sein Bewusstsein trat in Verbindung der geistigen Welt und wurde in die Weisheiten und Wahrheiten unterwiesen, wie Leiden und Schmerzen der Menschen entstehen und wie man sie hinausf\u00fchren kann. Es begann die gravierende Ver\u00e4nderung seines Lebens. Aus materiellen Bereichen gehend immer mehr die ihm vermittelten Lehren zu leben. Viele Begegnungen und Initiationen von Kriya-Yogameistern, von tibetischen Meistern, dessen Lehren er heute den Menschen unserer Gesellschaft vermittelt und authentisch nahe bringt. Im Jahre 2012, das bis hier in seinem Leben gr\u00f6\u00dfte Geschenk, bekam er in der Tibetan-Colonie in Mundgod in Indien von den drei h\u00f6chsten Eminenzen seiner S.H. Dalai Lama pers\u00f6nliche Segnungen. Durch diese au\u00dfergew\u00f6hnlichen Begegnungen und Ber\u00fchrungen gab man ihm die Kraft das sein Bewusstsein nun in der Weisheit des Bodhicitta ruht, um nun noch mehr den Menschen helfen zu k\u00f6nnen&#8230;&#8230;&#8230;.<br \/>\nSein ganzes Leben ist ausgerichtet auf dieses Wirken das er aus ganzem Herzen vermittelt. Diese Begegnungen verdankt er Geshe Lama Ahbay Rinpoche zu dem er eine tiefe Verbindung hat. Bis ich dieses Dasein verlasse werde ich mich den Menschen widmen sie aus Leid und Schmerz zu f\u00fchren, h\u00f6rt man ihn immer wieder sagen. Daf\u00fcr hat er dieses Haus gegr\u00fcndet, ein Zufluchtsort f\u00fcr all jene die suchen und wirklich wissen wollen&#8230;&#8230;&#8230;&#8230;&#8230;&#8230;&#8230;..<br \/>\nNach einer Anfrage an das Tibetan Herbal Medicine &amp; Astrologicial in Mundgod Doeguling ist davon auszugehen das Yogi Bodhicitta in seinem fr\u00fcheren Leben ein praktizierender tibetisch buddhistischer M\u00f6nch war. Dies war nur durch Geshe Lama Ahbay Rinpoche m\u00f6glich. Bedingt dadurch ist es ihm wohl m\u00f6glich die alten Lehren schnell wieder zu verinnerlichen und sie authentisch weiter zu geben.<\/span><\/p>\n<p style=\"text-align: justify;\"><span style=\"text-align: justify;\">Auch heute noch unterweist und lehrt Yogi Bodhicitta weiter\u00a0nach den alten authentischen Lehren, Menschen zu helfen, die wundervollen M\u00f6glichkeiten des Lebens zu erfassen, aus dem Herzen in die Wahrheit und Weisheit. Der Beginn eines Lebens das aus der Angst in die Unbeschwertheit des grundlosen Gl\u00fcckes f\u00fchrt, in uns selbst.<br \/>\n.<\/span><\/p>\n","protected":false},"excerpt":{"rendered":"<p>Yogi Bodhicitta wurde im Februar 1950 im Jahr des Tigers in Nordrhein- Westfalen geboren. Eigentlich war sein Weg vorbestimmt, dies erkannte er aber erst als der spirituelle Weg bewusst begann. Bis dahin war es ein Leben wie viele andere. Lehre, Beruf, Studium und Selbstst\u00e4ndigkeit. Irgendwann in seinem Leben, in dem er alles hatte, tauchte die &hellip; <\/p>\n<p><a class=\"more-link btn\" href=\"https:\/\/www.heiler-haus.de\/wordpress\/autobiographie\/\">Weiterlesen<\/a><\/p>\n","protected":false},"author":1,"featured_media":115,"parent":0,"menu_order":20,"comment_status":"open","ping_status":"open","template":"","meta":{"footnotes":""},"class_list":["post-183","page","type-page","status-publish","has-post-thumbnail","hentry","nodate","item-wrap"],"_links":{"self":[{"href":"https:\/\/www.heiler-haus.de\/wordpress\/wp-json\/wp\/v2\/pages\/183","targetHints":{"allow":["GET"]}}],"collection":[{"href":"https:\/\/www.heiler-haus.de\/wordpress\/wp-json\/wp\/v2\/pages"}],"about":[{"href":"https:\/\/www.heiler-haus.de\/wordpress\/wp-json\/wp\/v2\/types\/page"}],"author":[{"embeddable":true,"href":"https:\/\/www.heiler-haus.de\/wordpress\/wp-json\/wp\/v2\/users\/1"}],"replies":[{"embeddable":true,"href":"https:\/\/www.heiler-haus.de\/wordpress\/wp-json\/wp\/v2\/comments?post=183"}],"version-history":[{"count":13,"href":"https:\/\/www.heiler-haus.de\/wordpress\/wp-json\/wp\/v2\/pages\/183\/revisions"}],"predecessor-version":[{"id":363,"href":"https:\/\/www.heiler-haus.de\/wordpress\/wp-json\/wp\/v2\/pages\/183\/revisions\/363"}],"wp:featuredmedia":[{"embeddable":true,"href":"https:\/\/www.heiler-haus.de\/wordpress\/wp-json\/wp\/v2\/media\/115"}],"wp:attachment":[{"href":"https:\/\/www.heiler-haus.de\/wordpress\/wp-json\/wp\/v2\/media?parent=183"}],"curies":[{"name":"wp","href":"https:\/\/api.w.org\/{rel}","templated":true}]}}